k) = 3*k + 73. Let j(w) = -w - 24. Let g(d) = 3*h(d) + 8*j(d). Let b be g(-27). Give n(b).
30
Suppose -3*x - 4*d = -6, 23*x + 5*d + 27 = 25*x. Let u(q) = -x - q**2 - 16*q + 4 - 2 - 8 + 0. What is u(-14)?
16
Let x(u) be the second derivative of -5/6*u**4 + 1/20*u**5 - 4*u + 9*u**2 + 4/3*u**3 + 18. Determine x(9).
9
Suppose 7*s + 4483 = 4511. Let h(j) = 7*j**2 - 5*j + 3. What is h(s)?
95
Let t(a) = 10*a**3 + 4*a**2 - 3*a - 9. Let g = -77 - -54. Let j = -30 - g. Let m(p) = 3*p**3 + p**2 - p - 3. Let y(r) = j*m(r) + 2*t(r). Give y(3).
-12
Suppose -3 - 6 = -3*q. Let v(p) = p**2 - 36*p + 14. Let s(t) = -4*t**2 + 125*t - 49. Let w(k) = -2*s(k) - 7*v(k). What is w(q)?
15
Let h(p) = -13*p + 102 + 193 - 109 - 11*p. Determine h(8).
-6
Let d(a) be the third derivative of a**4/12 + a**3/3 - 1979*a**2. Determine d(7).
16
Let j(u) = 11*u - 14. Let m(a) = -9*a + 2 + 7 + 7 - 4. Let s(f) = 5*j(f) + 6*m(f). Calculate s(13).
15
Let o(k) = k**2 + 14*k + 11. Let b(a) = 4*a - 139. Suppose 100 = 19*u - 508. Let f be b(u). Determine o(f).
-22
Let f(q) = -4*q - 87. Suppose 0 = 5*i - 2*k + 101, 16*i + 5*k = 18*i + 53. Give f(i).
-11
Let j = -179 - -538/3. Let d(m) be the third derivative of 0*m + 4*m**2 + j*m**3 + 0 - 1/8*m**4. Calculate d(4).
-10
Let k(p) = 10*p**2 + 5*p - 2. Let c = -1219 + 1217. Determine k(c).
28
Let o(c) = c - 4. Suppose 10*h - 70 = 0, -29*r + 24*r = -4*h + 58. Give o(r).
-10
Let i be 1530/(-153)*37/(-10). Let n(k) = k**2 - 36*k - 28. What is n(i)?
9
Let g(q) = -3*q - 5 + 6*q - 7*q - q + 4*q. What is g(12)?
-17
Let w(y) = -3*y**3 - 29*y**2 + 13*y + 20. Let v(x) = -6 - 4*x - 1003*x**3 + 503*x**3 + 501*x**3 + 10*x**2. Let m(a) = -11*v(a) - 4*w(a). Determine m(-7).
-7
Let b(f) = f. Suppose -5 = 22*p - 27*p. Let n(l) = 3*l. Let z(k) = p*n(k) - 4*b(k). Determine z(9).
-9
Suppose 17 = 4*o - 23. Let c(t) = -5*t**3 - 6*t**2 + o*t**3 + t**3 + 5*t + 2 - 5*t**3. Suppose -5*y = 2*k - 29, 0 = -4*y - 2*k + 12 + 12. Give c(y).
2
Let l(v) = 7 - 117*v**2 + 248*v**2 - 132*v**2 + 12 - 2*v. What is l(-6)?
-5
Let o(s) = 4 + 2*s + 1 + s**3 + 2 - 9 - 8*s**2. Suppose 5*x + 2*l = 97 - 56, 0 = 5*l - 15. Give o(x).
-37
Let r be 3/(-9)*(-35 - -2). Let p(o) = -o**3 + 13*o**2 - 19*o - 4. Determine p(r).
29
Suppose 2*w = 4*m + 28, 25*w - 28*w + 2 = 4*m. Let c(f) = 4*f**2 - 33*f + 15. Calculate c(w).
-39
Let j(l) = -l**3 + 44*l**2 - 166*l + 241. Let m be j(40). Let r(a) = -8*a - 4*a**3 + 7*a + 3*a**2 + 2*a**3 - 1. Give r(m).
-1
Let s(w) = -w**3 - 11*w**2. Let k be s(-11). Let i(y) = k*y - y**2 - 9*y + 0*y**2 - 2. Suppose 5*t + 2*t = -56. Calculate i(t).
6
Let k(j) = -1 - j**2 + 1682*j + 3 - 3373*j + 1679*j. Give k(-12).
2
Let q(b) = -171*b + 515. Let n be q(3). Let s(w) = 5*w**2 - 2*w + 1. Calculate s(n).
17
Suppose 4*r = -0 + 8, b + 4*r = 4. Let f(x) = 5*x**3 + x**2 - 3. Let p(n) = 31*n**3 + 11*n**2 + 5*n - 10. Let m(h) = 6*f(h) - p(h). Calculate m(b).
-4
Let h(u) = -4*u**3 - 2*u**2 + 3*u**3 - 4*u**2 - 6 - 2*u. Suppose 40*j - 3 = 39*j. Suppose n - 13 = 3*q, -j*q - 3*n - n = 38. Determine h(q).
6
Suppose -65*r + 364 = -3*r - 10*r. Let p(v) be the third derivative of v**4/24 - v**3/3 + 10*v**2. Give p(r).
5
Suppose 52 - 40 = 19*q - 26. Let l(z) = -20*z**2 - 14. Let s(f) = -7*f**2 - 5. Let n(w) = 6*l(w) - 17*s(w). Give n(q).
-3
Let f(b) be the first derivative of -b**2/2 + 5*b + 22647. Suppose -3*r - 2*r = 55. Determine f(r).
16
Let h(t) = 2*t**2 - 5*t + 3. Let c be (-6)/(0 + (-6)/4). Let b be h(c). Let g(v) = -2*v + 20. Determine g(b).
-10
Let l(d) = 6*d**3 - 1. Suppose c = -g + 3, 4*c = -3*g + 17 - 7. Suppose -g + 10 = -8*z. Give l(z).
-7
Suppose 37 = -108*l - 77 + 6. Let m(g) = -64*g**2 + 1. What is m(l)?
-63
Let z(v) be the first derivative of -v**4/4 + 3*v**3 + 5*v**2 - v - 420. What is z(10)?
-1
Let z(k) be the first derivative of k**4/4 - k**2/2 + 6*k + 23782. Suppose -4*o - 2 = -2*o. Let u = o + 1. Calculate z(u).
6
Suppose -11*g - 270 = -5*g + 24*g. Let v(a) = -a**3 - 8*a**2 + 10*a + 6. Determine v(g).
-3
Let u(k) = -k**2 + 14*k - 13. Let v be 3/(-6) + (280/16 - -9). Suppose -24*h + 25*h + 39 = 3*p, 2*p - v = 4*h. Give u(p).
0
Suppose 0 = 4*l + 4*c, -10*l + c + 10 = -9*l. Let u(s) = -s**2 + 5*s + 1. Calculate u(l).
1
Let b(j) = j**3 - j**2 - 17. Suppose 5 - 1 = 4*a. Let g be (-6*3/(-18))/(a/2). Suppose -6 = -z - 3*w - 0*w, w - 2 = g*z. What is b(z)?
-17
Suppose h - 93 + 136 = -5*g, 0 = -2*g + 3*h - 24. Let x(q) = 3*q**2 + 30*q + 36. Give x(g).
9
Suppose 0 = 3*v - 2*j + 2, 0 = 3*j - 35 + 32. Let g(f) = -2*f + 29. What is g(v)?
29
Let s(a) = -11*a - 39. Let l(q) = 12*q + 31. Let c(v) = 3*v + 8. Let j(k) = 9*c(k) - 2*l(k). Let b(u) = -9*j(u) - 2*s(u). What is b(-2)?
-2
Suppose 0 = -23*h + 33*h - 20. Let k(u) = -7*u + 3*u + h + u. Give k(6).
-16
Suppose -78 = -4*c + 634. Let l(h) = -c - 152 + h + 346. Give l(-10).
6
Let w(d) = d + d**2 - 2 - 3*d + 5*d. Suppose -7*g + 20 + 155 = 0. Let v be ((-2)/1)/(10/g). Give w(v).
8
Let d(w) = -w**2 + 7*w + 8. Let s(v) = 5*v + 71. Let y(z) = -5*z**2 - 8*z. Let a be y(1). Let b be s(a). What is d(b)?
14
Let v(h) = h**2 + 5*h - 2. Suppose 252*d - 250*d = 276. Suppose 23*z + d = -0*z. Determine v(z).
4
Let v(l) = 2*l. Let s = 1 - -4. Suppose 12*c - 13*c + s = 0. Let z(h) = 21*h. Let i(m) = c*z(m) - 56*v(m). Give i(-2).
14
Let m(n) = -4*n - 6. Let j be m(-1). Let b(q) = -2*q - 4*q + 3*q - 4 + 5 + 0*q. Determine b(j).
7
Let m(w) = w**2 + 3*w - 45. Let f = -16711 + 16724. Determine m(f).
163
Let q(a) = -12 - 7*a**2 - 4*a**2 - 3*a - 29 + 10*a**2 + 17*a. What is q(5)?
4
Suppose -3*i - g = -5*g - 24, -2*i + g + 11 = 0. Suppose -i*k = 11 - 3. Let r(s) be the third derivative of -s**6/60 + s**3/3 - 21*s**2. Give r(k).
18
Let o(y) = -43*y**3 + 16*y**2 + 12*y + 6. Let g(d) = 28*d**3 - 11*d**2 - 8*d - 4. Let m(r) = 7*g(r) + 5*o(r). Give m(-1).
20
Suppose -2*i + 10 = 2. Let x(o) = 339 - 343 - 823*o + 820*o + o**2. What is x(i)?
0
Let d(c) = 6*c**3 + c**2 + 21*c + 8. Let p(v) = 5*v**3 + 2*v**2 + 15*v + 7. Let k(h) = -4*d(h) + 5*p(h). Calculate k(-6).
57
Let d(k) = 9 - 3952*k**2 + 1986*k**2 + 1964*k**2 + 19*k. What is d(7)?
44
Suppose -5*v = -4*j - 5 + 50, 0 = -4*v - 20. Suppose j*s + b = -44, 2*s - b + 24 = -3*b. Let u(i) = -i**2 - 5*i + 11. What is u(s)?
-13
Let o(w) = -58 + 54 - 539*w + 4*w**2 + 540*w - 8*w**3. What is o(1)?
-7
Let d(w) = -6*w**2 + 96*w - 220. Let f be d(13). Let m(i) = i**2 - 12*i - 3. What is m(f)?
25
Suppose 4*o = 5*z - 10*z - 6, -2*o = 4*z. Let p(h) = -h**z - 6*h**3 + 2*h + 18*h**3 - 15*h**3. Determine p(-2).
16
Let h(z) = -6*z**2 - 42*z - 5. Let n be (-125)/15 + 3 - 105/63. Give h(n).
-5
Let q(a) = a**3 + 5*a**2 - 7*a. Suppose -13*v = -15*v. Suppose -3*u - 134 + 26 = v. Let l be (-111)/18 + (-6)/u. Give q(l).
6
Suppose -4*b = -3*u - 11, 0 = 5*u - 3*b + 5*b - 25. Let f(r) = -r - 9 - 6 + 12 - u - 1. Let d = -8 + 3. Determine f(d).
-2
Let t(q) be the second derivative of -q**4/3 - 13*q**3/3 + q**2/2 + 34*q + 83. What is t(-6)?
13
Let j(l) be the third derivative of l**4/12 + l**3/3 - l**2 - 71*l - 6. Suppose -4*t + 2 = 10. What is j(t)?
-2
Let q(l) = 39*l + 1. Let t(c) = -58*c + 639. Let v be t(11). Determine q(v).
40
Let p be 12/(-2)*2/((-16)/12). Let z(k) = 3*k - 22. Determine z(p).
5
Let n(h) = h**3 - 3*h**2 - h + 4. Let m be n(3). Let j = m + -2. Let c(y) = -34*y - 94*y**3 + 96*y**3 + 2*y**2 + 73*y - 38*y. Give c(j).
-1
Let m(t) = -22*t - 680. Suppose -1795*z + 140 = -1800*z + 3*a, z + 26 = a. What is m(z)?
2
Let s = -127 - -123. Let q(k) = -8*k - 11. Let x(v) = 24*v + 31. Let u(y) = 8*q(y) + 3*x(y). Determine u(s).
-27
Let h(d) = 24*d**3 + 6 - 8*d**3 - 9*d**3 - 5 + 13*d**3. Suppose n + 4*o + 11 = 0, -4*n = -o - 2*o - 13. Determine h(n).
21
Let a(r) = 603 + 11*r**2 - 2*r**3 - 10*r + 7*r - 608. Calculate a(5).
5
Let p(s) = -5*s**3 - 32*s**2 + 39*s + 2. Let v(i) = 11*i**3 + 72*i**2 - 80*i - 6. Let j(d) = -13*p(d) - 6*v(d). Give j(-14).
-4
Let u be (1495/(-46))/((-20)/(-16)). Let m(f) = -2*f**2 - 53*f - 16. Determine m(u).
10
Suppose -2*d + 8 = 6. Let p(v) be the first derivative of 11*v**4/4 + 2*v**3/3 - v + 38. Give p(d).
12
Let b = -146 - -158. Let v(s) = -s**2 - 245*s - 256*s + 492*s - b. What is v(-8)?
-4
Let d(k) = k**3 - 10*k**2 - 3*k + 3. Suppose -24*i + 581 = 341. What is d(i)?
-27
Let s = -1212 - -1211. Let c(b) be the 